{"id":119733,"date":"2025-11-14T10:15:25","date_gmt":"2025-11-14T09:15:25","guid":{"rendered":"https:\/\/www.guitare-village.com\/website\/?page_id=119733"},"modified":"2025-11-14T12:29:20","modified_gmt":"2025-11-14T11:29:20","slug":"mentions-legales","status":"publish","type":"page","link":"https:\/\/www.guitare-village.com\/website\/index.php\/mentions-legales","title":{"rendered":"Mentions L\u00e9gales"},"content":{"rendered":"\n<div style=\"height:53px\" aria-hidden=\"true\" class=\"wp-block-spacer\"><\/div>\n\n\n\n<p class=\"has-text-align-center\">Site \u00e9dit\u00e9 par : Guitare Village SARL<\/p>\n\n\n\n<p class=\"has-text-align-center\">Si\u00e8ge social : 161 Avenue Jean Rostand, 95330 DOMONT<br><br>SIRET : 402 980 932 00014<br>N\u00b0 de TVA intracommunautaire : FR89 402 980 932<\/p>\n\n\n\n<p class=\"has-text-align-center\">Contact : 01 39 91 16 63 &#8211; guitare-village@guitare-village.com<\/p>\n\n\n\n<p class=\"has-text-align-center\">Site h\u00e9berg\u00e9 par : SCALEWAY SAS BP 438 75366 PARIS CEDEX 08 FRANCE<br><\/p>\n\n\n\n<p><\/p>\n","protected":false},"excerpt":{"rendered":"<p>Site \u00e9dit\u00e9 par : Guitare Village SARL Si\u00e8ge social : 161 Avenue Jean Rostand, 95330 DOMONT SIRET : 402 980 932 00014N\u00b0 de TVA intracommunautaire : FR89 402 980 932 Contact : 01 39 91 16 63 &#8211; guitare-village@guitare-village.com Site h\u00e9berg\u00e9 par : SCALEWAY SAS BP 438 75366 PARIS CEDEX 08 FRANCE<\/p>\n","protected":false},"author":14,"featured_media":0,"parent":0,"menu_order":0,"comment_status":"closed","ping_status":"closed","template":"","meta":{"footnotes":""},"class_list":["post-119733","page","type-page","status-publish","hentry"],"_links":{"self":[{"href":"https:\/\/www.guitare-village.com\/website\/index.php\/wp-json\/wp\/v2\/pages\/119733","targetHints":{"allow":["GET"]}}],"collection":[{"href":"https:\/\/www.guitare-village.com\/website\/index.php\/wp-json\/wp\/v2\/pages"}],"about":[{"href":"https:\/\/www.guitare-village.com\/website\/index.php\/wp-json\/wp\/v2\/types\/page"}],"author":[{"embeddable":true,"href":"https:\/\/www.guitare-village.com\/website\/index.php\/wp-json\/wp\/v2\/users\/14"}],"replies":[{"embeddable":true,"href":"https:\/\/www.guitare-village.com\/website\/index.php\/wp-json\/wp\/v2\/comments?post=119733"}],"version-history":[{"count":7,"href":"https:\/\/www.guitare-village.com\/website\/index.php\/wp-json\/wp\/v2\/pages\/119733\/revisions"}],"predecessor-version":[{"id":119748,"href":"https:\/\/www.guitare-village.com\/website\/index.php\/wp-json\/wp\/v2\/pages\/119733\/revisions\/119748"}],"wp:attachment":[{"href":"https:\/\/www.guitare-village.com\/website\/index.php\/wp-json\/wp\/v2\/media?parent=119733"}],"curies":[{"name":"wp","href":"https:\/\/api.w.org\/{rel}","templated":true}]}}